- 10. What is the tens digit of q(o)?
3
Let f(u) = 10*u + 1. Suppose -2*v + 4 = -2*q, -2*v + 0*q - 4*q = 2. What is the tens digit of f(v)?
1
Let j = 10 + -1. What is the units digit of j?
9
Let o(b) = -4*b - 7*b + b**2 + 7*b. What is the units digit of o(5)?
5
Let m(f) = f**3 + 8*f**2 + 2. Let o be m(-8). Suppose -j - o*u + 37 = 0, 5*j + 3*u - u = 185. What is the tens digit of j?
3
Suppose -4*j - 2*t + 9 = -5, j = 4*t - 1. Suppose j*h = -h. Suppose h = -o + 4 - 0. What is the units digit of o?
4
Suppose 4*n + n = -2*r + 20, 0 = 3*n - 2*r + 4. Let g be 4*((-1 - n) + 5). Suppose 0*h = -4*h + g. What is the units digit of h?
2
Suppose -h - 2*s + 6 + 0 = 0, -2*h - 2*s = -16. What is the tens digit of h?
1
What is the units digit of 464/11 - 22/121?
2
Let j = 14 + 1. Suppose 39 - j = 4*t. Suppose t = q + q, 3*q = -4*w + 25. What is the units digit of w?
4
Suppose -4*x + 175 = x + 5*n, -x + 3*n = -19. What is the units digit of x?
1
Let o be 12/(-8)*2/(-3). What is the units digit of -1 - o - (4 - 9)?
3
Suppose 118 = 5*d + 43. What is the units digit of d?
5
Let k = 50 + -28. What is the tens digit of k?
2
Let c be (-16)/(-7) - (-2)/(-7). Let s be -1*(c - (-8)/(-2)). Suppose -n - 3*l - 1 = -2*l, -3*l = -s*n + 8. What is the units digit of n?
1
Let a(s) = 3*s + 1. Let r be a(1). Suppose 0 = -2*y - f - r + 3, -3*y + 5*f = -31. Suppose 2*j - 8 = -y*o + 10, 3*o = 5*j - 77. What is the tens digit of j?
1
Let o be 20/6*18/(-15). What is the units digit of (11/(-2))/(2/o)?
1
Suppose 0 = -0*h - h. Let g be h - 1*(-24)/(-2). What is the units digit of (-27)/g*48/9?
2
Let b = -14 - -20. Suppose 3*c = -2*y + 3 - 9, 3*c + 4*y = -b. What is the units digit of 12/7 + c/(-7)?
2
Let p be (9/(-15))/(2/(-10)). Suppose -p*x = -4*x + 5. What is the units digit of x?
5
Let x = 7 - 4. Let j = 5 - x. What is the units digit of j?
2
Let i(s) = -s**3 + 2*s**2 + s + 4. Let l be i(3). What is the units digit of l + 35*(-1 - -2)?
3
Suppose -2*n + 3*h = 4*h - 68, 0 = -5*n - 2*h + 170. Let q(d) = d + 10. Let i be q(-12). What is the units digit of n/4 + (-1)/i?
9
Let u = -5 + 7. What is the units digit of 1/2*(4 + u)?
3
Let a(b) be the third derivative of -b**6/120 - 11*b**5/60 - 5*b**4/12 + 13*b**3/6 - 4*b**2. What is the tens digit of a(-10)?
1
Suppose 0 = -3*k - 3*a + 144, -3*k + 137 = -a - 7. What is the units digit of k?
8
Let k be (3 - (4 - 1)) + 11. Let q = -17 + k. Let p(h) = -h + 3. What is the units digit of p(q)?
9
Suppose 2 - 12 = -5*d. What is the units digit of (-9)/((-39)/(-24) - d)?
4
Suppose 1113 = 12*q + 21. What is the tens digit of q?
9
Suppose 0*a = 4*a - 4. Suppose -3*d - 14 - a = -3*x, 5*d = -2*x + 17. What is the units digit of x?
6
Let l(t) = t**2 + 3*t + 1. Let g be l(-2). What is the tens digit of 26*1 + (-2 - g)?
2
Let l be 0/1 - (5 - 2). Let k be (12/l)/(2/(-6)). Suppose k = -0*h + 3*h, 2*h = -x + 14. What is the units digit of x?
6
Let i(m) = -m**2 + 5*m - 4. Let r be i(4). Suppose -5*p + 0*p + 3*s - 44 = r, -34 = 4*p - 3*s. What is the units digit of p/(-4) - (-1)/2?
3
Suppose -n - 8 = -3*n. Suppose n*m - 5 + 49 = 0. Let w = 23 + m. What is the units digit of w?
2
What is the tens digit of (-1)/2*(-110 + 8)?
5
Let m = -31 - 9. Let b be (m/(-50))/((-4)/(-10)). Suppose 3 = -u, b*u = v - 0*v - 26. What is the tens digit of v?
2
Let u = 348 + -131. What is the units digit of u?
7
Let a be 2/8 - 42/8. Let i(r) = -r**2 - 2 - 3*r - r**3 + 5 - 2*r**2 - 2*r**2. What is the units digit of i(a)?
8
Let q be ((-138)/5)/(6/(-15)). Suppose v + q = 4*v. What is the tens digit of v?
2
Suppose -x = 2*x + 6. What is the units digit of (66/12)/(x/(-4))?
1
Let m(g) = g**2 + 23*g + 11. Let s be m(-22). Let c = -4 - 2. Let o = c - s. What is the units digit of o?
5
Let b(k) = k**3 + 7*k**2 - 8*k + 2. Let d be b(-8). Suppose d*a + q = -1 + 23, -2*a + 6 = -3*q. What is the units digit of a?
9
Let p(a) = a**3 - 6*a**2 + 4*a + 6. Let i be p(5). Suppose i + 3 = -2*k. Let d = 1 - k. What is the units digit of d?
3
Suppose 4*i - 13 - 11 = 0. What is the units digit of i?
6
Let w(c) = -c**2 - 7*c - 5. Let d be (-3)/9 + 58/3. Suppose 3*s + 9 = 6*s, 0 = 2*z - 3*s + d. What is the units digit of w(z)?
5
Let m be (2/(-6))/(4/12). Suppose -2*l = -7*l. What is the units digit of (l - m) + 3 + -2?
2
Suppose -4*r - l = -299, -3*r + 2*l = -4*r + 80. Let t = r + -45. What is the tens digit of t?
2
Suppose r + 5 = -0*c + c, 0 = r + 2*c + 20. Let d be 0 + r*(-1)/2. Suppose 5*m + 4*t - 10 = 0, t + 6 = 3*m + d*t. What is the units digit of m?
2
Suppose -5*u + 165 = -5*z, -u + z + 29 = -2*z. What is the units digit of u?
5
Suppose 4*x - 8*c = -4*c + 20, -5*c = 5*x + 5. Suppose -x*t = 2 - 68. What is the units digit of t?
3
Let s(a) = 3*a - a + 2 - 3*a. Let f be s(0). Suppose -3*o = -f*u - 16, 8 - 2 = 3*o + 3*u. What is the units digit of o?
4
Let j be (-884)/(-85) - 4/10. Suppose -5*h + j = 0, 4*x - 2*h - 131 = 101. What is the tens digit of x?
5
Let h be (12/8)/(12/16). Let b(q) be the first derivative of 4*q**3/3 - q**2 - q - 1. What is the tens digit of b(h)?
1
Let x(r) = 2*r**3 - 3*r**2 - 4*r + 5. What is the tens digit of x(5)?
6
Suppose -3*x = -2*x - 96. What is the units digit of x?
6
Let g be 50/15 - (-2)/3. Suppose -g*o - o = -5. What is the units digit of o?
1
Let y(h) be the second derivative of 1/3*h**3 - 2*h**2 - 2*h + 0. What is the units digit of y(5)?
6
Suppose -2*o - 4*v + 12 = 0, 9*v = 4*v. Suppose 0 = -4*s + s + o. Suppose -s*m + 8 + 2 = 0. What is the units digit of m?
5
Suppose -t + 5*q + 29 = 0, -4*t + 2*q + 20 = 6*q. What is the units digit of t?
9
Let h(w) = -w**2 + 10*w - 12. What is the units digit of h(6)?
2
Suppose 0 = 3*g - h - 5, -g - 3*h = 2*g + 15. Let v = -8 - -24. Suppose v = 2*k - g. What is the units digit of k?
8
Suppose 4*n - 20 = 3*a - 4*a, -4*n + 32 = 4*a. Let k = n + 14. What is the units digit of k?
8
Let d(p) = 2*p + 103. What is the units digit of d(-10)?
3
Suppose -4*t + 912 = -8*m + 12*m, 3*m - 1138 = -5*t. What is the hundreds digit of t?
2
Let r = -4 + 4. Let z be (r - -15)/((-6)/(-8)). Suppose 0 = 7*t - 3*t - z. What is the units digit of t?
5
Let h(p) = p**2 + 4*p - 5. Let g be h(-5). Suppose g = -3*m + 5*d + 2, -3*m + 5*d = -2*m - 4. What is the units digit of -3*m*2/2?
3
Let m(a) = a**3 + 16*a**2 + 16*a + 21. What is the tens digit of m(-14)?
8
Let o(m) = -32*m + 1. What is the units digit of o(-2)?
5
Let l(j) = 95*j**2 + j - 3. What is the hundreds digit of l(-2)?
3
Let k = 0 - -2. Suppose -5*d + 5*h - 30 = 0, -3*h - k*h - 20 = 0. What is the units digit of (8/10)/((-2)/d)?
4
Suppose 17 - 5 = 4*n. Suppose 0 = b + n*b. Suppose b*h = 2*h - 12. What is the units digit of h?
6
Suppose -6*l + 2*l = -64. Suppose l = -g + 2*g. Suppose -19 = -w - 3*a - 5, -w - 4*a + g = 0. What is the units digit of w?
8
Suppose -2 = -3*r + 22. What is the units digit of r?
8
Let k = 11 + -6. Suppose -2*l - k*d = -52, 0 = 3*l - 0*d - d - 78. What is the tens digit of l?
2
Let f = -23 - -41. Suppose 4*b - f = 2. What is the units digit of b?
5
Suppose -4*w - 2*s = 18, -w - w = -4*s - 16. Suppose 2*h - 1 - 7 = 0. Let j = w + h. What is the units digit of j?
2
Let p(w) = w + 4. What is the tens digit of p(7)?
1
Suppose -3*c + 5*c - 18 = 0. What is the units digit of c?
9
Let k(o) = -o**3 - 6*o**2 + o. Let a be k(-7). Suppose 0 = -5*c + 4*f + a, 4*c - 2*c = 3*f + 21. What is the units digit of c?
6
Let f = 4 - 4. Suppose f*s = -4*w - s + 1, 3*w = -2*s + 2. Suppose -2*n + 4*i + 14 = w, 4*n - i = n + 21. What is the units digit of n?
7
Let l(y) be the first derivative of -y**2/2 - 2*y - 3. Let w be l(-11). Let c(q) = q**3 - 9*q**2 - q + 11. What is the units digit of c(w)?
2
Let f be 4/(-10) + (-8)/(-20). Suppose f = 4*q + 3 + 5. Let r = q - -3. What is the units digit of r?
1
Let f = -3 + 3. Let y = f + 3. What is the units digit of (4/(-2))/((-2)/y)?
3
Suppose 3*u = 10*u - 168. What is the tens digit of u?
2
Let j be ((-2)/5)/(1/20). Let x = j - -10. What is the units digit of x?
2
Let k(j) = 15*j**2 - 10*j - 17. What is the tens digit of k(-4)?
6
Let k(c) = c**3 + 5*c**2 + 3*c + 1. Let y = -2 - 1. What is the units digit of k(y)?
0
What is the tens digit of (24/(-16))/((-2)/76)?
5
Let h(r) = -12*r - 3. Let c be h(-7). Suppose 4*k - 4*a - 47 = 61, -3*k = 4*a - c.